-4*s + 14452 + 2124. What are the prime factors of s?
2, 7, 37
Let c be 14/21*(-18)/(-4). Suppose 5*m - 1035 = -5*y, -c*y = 4*m - 2*y - 813. What are the prime factors of m?
2, 101
List the prime factors of 124635/(-10)*(-104)/91.
2, 3, 1187
Let d(g) = 1313*g - 5324. List the prime factors of d(32).
2, 9173
Let r(b) = -b**2 + 7*b + 6. Let t be r(8). Let w(h) = 9*h**2 - 14*h - 8. Let p be w(-10). List the prime factors of p/(-4)*t/6 + 0.
2, 43
Let q = -16743 - -36326. What are the prime factors of q?
19583
Suppose -t + 24 = 5*y, 0*y + 5*y + 5*t = 20. Suppose 4*r - y*n = -r - 45, -3*n = r - 11. What are the prime factors of 1/((-1)/132*r)?
3, 11
Let b = -14 - 61. Let i = -72 - b. Suppose 4*m = 2*r + 94, 0 = m + i*r - 13. List the prime factors of m.
2, 11
Let j(v) = 2*v**3 - 2*v**2 - 3*v + 11. Let s be j(3). Let a = s - -56. What are the prime factors of a?
2, 47
Let r = 6 + -48. Let p = r - -30. What are the prime factors of 78*(28/p + 3)?
2, 13
Suppose 5*z - 375 = -3*a, 136 = -4*z - 4*a + 428. Suppose 82*y - z*y - 1856 = 0. What are the prime factors of y?
2, 29
Let w = -3456 + 3938. List the prime factors of w.
2, 241
Suppose 14*j - 16*j = -8, 3*j - 7802 = -x. What are the prime factors of x?
2, 5, 19, 41
Suppose 72543 = 81602*v - 81596*v + 17805. List the prime factors of v.
3, 3041
Suppose 29904 = -v - 15*v. Let h = -981 - v. What are the prime factors of h?
2, 3, 37
Let s be 1*(-1 - 0) - (-1600 - -7). What are the prime factors of (-3)/(60/s)*(4 + -9)?
2, 199
Let q be 7111*1 - (-19 + 9)/(-10). Suppose q = 49*x - 43*x. List the prime factors of x.
3, 5, 79
Suppose -4*o - 6*x + 12 = -4*x, 4*x - 4 = 2*o. What are the prime factors of (-134816)/(-132) - o/(-3)?
2, 7, 73
Suppose 2*k - 5*k = 9, 5*k = -m - 14. What are the prime factors of (m + -4)/(9270/(-1542) + 6)?
257
Suppose -180 = -10*x + 6*x. Suppose -42*w - 681 = -x*w. List the prime factors of w.
227
Let u be ((-30318)/(-12))/(-1)*(2 - 4). Suppose -z - 3*t + u = 3*z, -z = -3*t - 1282. List the prime factors of z.
7, 181
Suppose 16 = 3*f + 25, -j - 4*f + 210 = 0. Let k = -88 + j. List the prime factors of k.
2, 67
Let j be (22/8)/(27/(-108)). Let y(o) = -61*o - 52. List the prime factors of y(j).
619
Let o = -282 - -266. What are the prime factors of 1/(-8) + ((-402)/o - 1)?
2, 3
List the prime factors of -3 - (-60308)/12 - 76/114.
2, 3, 31
Suppose 6*u + 2*u = 0. Suppose u = -s - 0*s. Suppose -5*v + 95 + 35 = 4*f, s = 5*f. What are the prime factors of v?
2, 13
Let f be (93/(-33) - -3) + (-126)/(-33). Suppose -4*j + 6 = f*m - 22, -4*m = -j - 3. Suppose 3*q = m*q + 78. What are the prime factors of q?
2, 3, 13
Let g = 285 + -282. Suppose -841 - 603 = -2*m + g*k, 712 = m - 4*k. What are the prime factors of m?
2, 7, 13
Let d = 22 - 34. Suppose 425*f = 429*f + 104. List the prime factors of (35/f - d/(-78))*-66.
3, 11
Let s(r) = 3*r**2 - 19*r + 775. What are the prime factors of s(-24)?
11, 269
Let k(b) be the first derivative of b**3 + b**2 + 7*b - 7. Let y be k(4). Let j = 135 - y. What are the prime factors of j?
2, 3
Let t(f) = -f**3 - 3*f**2 - 31*f + 18. Let h(r) = r**3 + 5*r**2 + 32*r - 18. Let s(v) = -3*h(v) - 4*t(v). List the prime factors of s(6).
2, 3, 43
Let n(f) = 20*f + 22. Let z be n(6). Let q = -114 + z. Suppose -30*t = -q*t - 104. What are the prime factors of t?
2, 13
What are the prime factors of -11 + 4 - -2 - 5417/(-1)?
2, 3, 11, 41
Let d(n) = n + 30. Let m be d(-21). Suppose m*g + 72 = 7*g. Let x = 74 + g. List the prime factors of x.
2, 19
Let n be (0 + 229 - -9) + (5 - 0). Suppose n*t = 248*t - 2325. What are the prime factors of t?
3, 5, 31
Suppose -23*y + 3145 = -22*y. What are the prime factors of y?
5, 17, 37
Let c(r) be the first derivative of 11*r**3/3 - 8*r**2 - r + 1. Let y(k) = -k**3 - 2*k**2 + 81*k + 15. Let b be y(-10). List the prime factors of c(b).
2, 97
Suppose -752 - 662 = -b + 5*j, -2*b - 4*j + 2786 = 0. Let h = b - -142. List the prime factors of h.
23, 67
Let i(t) = -t**3 + 28*t**2 - 6*t - 424. List the prime factors of i(19).
2711
Suppose 4*a - 28 = -3*a. Suppose 11*u + 2040 = 4*p + 7*u, -u - a = 0. Suppose 3*d = p - 62. List the prime factors of d.
2, 37
Suppose 0 = 104*b + 44*b - 5840080. What are the prime factors of b?
2, 5, 1973
Let z = 75685 - 49668. List the prime factors of z.
26017
Let x = 18 - 40. Let d(g) be the third derivative of -g**5/60 - g**4 + 7*g**3/6 - 19*g**2. What are the prime factors of d(x)?
3, 17
What are the prime factors of 2420408/120 + 4/(-60)?
2, 5, 2017
Suppose -269*q + 311412 + 564990 = 0. What are the prime factors of q?
2, 3, 181
Let d = -52809 + 106515. List the prime factors of d.
2, 3, 8951
List the prime factors of -128 + 83746 - 15*1.
13, 59, 109
Let g = -93 + 100. Suppose -2*u + 1 = -g, -56 = -4*n - 4*u. Let b(d) = 5*d + 28. What are the prime factors of b(n)?
2, 3, 13
Let v = 128 - 51. Suppose -82*j + 1255 = -v*j. What are the prime factors of j?
251
Suppose 0 = -14*f - 5*f + 6148 + 14904. List the prime factors of f.
2, 277
Suppose 2*k = -5*n + 8, -12*n - 4 = -17*n - k. Suppose n = -14*j + 3062 - 766. List the prime factors of j.
2, 41
Let f be 12*24/(-90)*110/(-4). Let b = 58 + f. What are the prime factors of b?
2, 73
Let o(i) = 1068*i + 1991. What are the prime factors of o(21)?
24419
Let z(b) = -b**2 + 14*b - 27. Let t be z(13). Let r(k) = k**2 + 11*k + 33. Let g be r(t). Let l = -3 + g. What are the prime factors of l?
2, 3
Let g(k) = 85*k**3 - 9*k**2 + 109*k - 1009. What are the prime factors of g(10)?
84181
Let k = 1113 + -720. Let n = -252 + k. List the prime factors of n.
3, 47
Suppose 5*d + 249 = 2*k + 8*d, 0 = -5*k - 4*d + 619. Let q = k - 94. What are the prime factors of q?
29
Let i(s) = -s**2 + 7*s + 30. Let n be i(10). Suppose n = -7*j + 6*j + 544. What are the prime factors of j?
2, 17
Suppose m = -3*m + 4*s + 36, 10 = -5*s. Let o(c) = 140*c + 156. List the prime factors of o(m).
2, 71
Suppose -396*g + 371*g = -216850. What are the prime factors of g?
2, 4337
Let w be (-68)/4*1 + (5 - 4). What are the prime factors of w/24*42*(-1)/1?
2, 7
Suppose u + 10108 = 3*o, -3841 = -3*o + 2*u + 6268. List the prime factors of o.
3, 1123
Let v(x) be the first derivative of -2*x**2 + 33*x - 2. Suppose 3*u - 2*m = -28, -40 = 5*u + 2*m - 4*m. What are the prime factors of v(u)?
3, 19
Let p(h) = 48*h**2 + 42*h + 175. Let w be (-14 - -4)*3*2/12. List the prime factors of p(w).
5, 233
List the prime factors of 10 - ((-245718)/(-11))/(-3).
2, 233
Let v(r) = -r**3 + 7*r**2 + 16*r - 42. Let t be v(7). Suppose -19*a = -2400 - t. List the prime factors of a.
2, 5, 13
Let d be 11 + 10 + (2 - 6). Suppose -d*h + 7868 + 25809 = 0. What are the prime factors of h?
7, 283
Suppose 120*x - 4005474 = -596634. List the prime factors of x.
3, 17, 557
Suppose 0 = 5*c - 54 - 1011. Let f = -113 + c. Suppose -f = 51*v - 52*v. List the prime factors of v.
2, 5
Suppose 3*y = 2*y - 4. Suppose 0 = 3*o + 2*k - 58, 4*o - 56 = o - k. Let n = o - y. List the prime factors of n.
2, 11
Let l(s) = 107*s**2 - 24*s - 27. List the prime factors of l(11).
2, 7, 113
Let f(h) = -35 + 8*h - 8*h + 40*h**2 + 9*h - 5*h. List the prime factors of f(-6).
1381
Let n(m) = -2*m**3 + 9*m**2 + 16*m + 13. Let q(y) = y**3 + 7*y**2 - 16*y + 11. Let p be q(-9). What are the prime factors of n(p)?
2, 257
Let r(c) = c**3 - 16*c**2 + 14*c + 17. Let s be r(15). Suppose s*j - 456 = -0*j + 5*q, 4*j + q = 890. What are the prime factors of j?
223
Suppose -5*j = w - 2*j - 19, -3*j = -2*w + 65. Let p = 23 - w. Let o = p - -65. List the prime factors of o.
2, 3, 5
Suppose -5*w + 45 = 4*w. Suppose w*a - 13 = -8*a. List the prime factors of a*164/3 - 24/36.
2, 3
Let j be (1 + -6 - 2) + -376. Let x = j - -535. List the prime factors of x.
2, 19
Let n = 1601 - 804. Let h = -282 + n. List the prime factors of h.
5, 103
Suppose -16*h - 33141 = -3*b - 11*h, 0 = -5*b - 3*h + 55235. What are the prime factors of b?
11047
Suppose -13*j = j - 4*j - 2140. Let v = -34 + -76. Let a = v + j. List the prime factors of a.
2, 13
Suppose -200*i + 191*i + 55656 = 0. What are the prime factors of i?
2, 773
List the prime factors of 27/(7290/(-300)) + (-377660)/(-18).
2, 5, 1049
Let i be 10/8 - 4014/(-72). Let h = 103 - i. What are the prime factors of h?
2, 23
Suppose 3*w = 12 - 36. Let